Calculate the highest common factor of 2457 and d.
189
Suppose x + t - 2 = -1, -2*x + 4*t = -26. Let p be 1/2 - (24219/(-18))/39. What is the highest common factor of p and x?
5
Let o(z) = z**2 + 2*z - 16. Let a be o(8). Suppose 0*u + 2*u = 3*h + 101, -25 = 5*h. Let c = u + 117. Calculate the highest common divisor of a and c.
32
Let r = -92 + 63. Let w be r/(-2) - (-2)/4. Calculate the greatest common factor of w and 390.
15
Let l be 1 + 4 + 241 - 175/(-25). What is the highest common factor of 704 and l?
11
Let q = -19974 + 20163. What is the greatest common divisor of q and 2877?
21
Suppose 3363 + 3056 = 69*z - 895. What is the highest common divisor of 28514 and z?
106
Let y be -4 + (0 - 3) + 10. Suppose p + 21 = o - y*p, 4*o - 40 = 5*p. Suppose o*i - 4 = 1. What is the greatest common divisor of i and 9?
1
Let x(m) = m**3 + 12*m**2 + 26*m + 584. Let h be x(-13). Let k(q) = 3*q**2 + 17*q + 11. Let l be k(-11). What is the highest common divisor of h and l?
11
Let l = -7048 - -7919. Calculate the highest common factor of 67 and l.
67
Let v = -9866 - -9878. What is the greatest common divisor of 3372 and v?
12
Let w be 6*2/5*30/4. Let q(v) = -11*v - 4. Let p be q(-14). Calculate the highest common factor of p and w.
6
Suppose -5*n - 4*b = -399, 5*n - 6*b + 9*b = 403. Let h = -68 + n. What is the highest common divisor of h and 225?
15
Let x(l) be the first derivative of -l**4/4 - 26*l**3/3 + 53*l**2/2 - 64*l - 22. Let j be x(-28). Calculate the highest common divisor of j and 60.
20
Let y be ((-4)/(-12))/1 + 24/9. Suppose u + 124 = 4*l - 3*u, y*u - 93 = -3*l. Calculate the greatest common divisor of l and 62.
31
Let w = 698 + -704. Let t be ((-198)/(-12))/(-11)*w. What is the greatest common divisor of 81 and t?
9
Let b be 24101 + (25 - (-300)/(-10)). Calculate the greatest common factor of 288 and b.
96
Let s be 40/30*(-8 + 5) + (-580)/(-4). Calculate the highest common factor of s and 4747.
47
Suppose -2403 = 8*o - 11*o. Suppose -k = -2*q + o, 5*q + 3*k = 2754 - 757. Calculate the highest common factor of 25 and q.
25
Suppose 846 = 4*m + 2*b, 0 = 5*m - 28*b + 24*b - 1116. What is the greatest common factor of m and 1632?
24
Suppose n = 4*v - 2*n + 224, 20 = 5*n. Let i = v + 89. Calculate the highest common divisor of 468 and i.
36
Let p be (-1*3/9)/(1/(-5751)). Calculate the greatest common divisor of p and 54.
27
Let y be ((-35)/49)/(2/(-14)). Suppose -4*s = y*s. Suppose j + 2*j - 36 = s. What is the greatest common divisor of j and 48?
12
Suppose 4*p = -35 - 109. Let d = -10 - p. Suppose -4*n = -3*f - 76, 4*n - 2*f + d = 106. Calculate the highest common factor of n and 176.
22
Let p = 4628 + -1562. Calculate the greatest common factor of 126 and p.
42
Suppose 31*g - 35*g + 40 = 0. Let q(f) = 11*f - 46. Let k be q(g). What is the greatest common divisor of 4 and k?
4
Let z = 3004 + -2947. Calculate the greatest common factor of z and 6099.
57
Let i(j) = -3*j - 2. Let h be i(-1). Suppose -31 = -v + 3*l, 104*v - 103*v - 5*l - 31 = 0. What is the greatest common factor of v and h?
1
Suppose 356 = 4*y - 8*n + 4*n, -2*n = 4*y - 362. Let d = -1242 + 1262. What is the greatest common factor of d and y?
10
Let h be 26/(-16*(-13)/936). Calculate the greatest common factor of h and 1326.
39
Let g(f) = 604*f - 206. Let m be g(4). Suppose 17*i = -17*i + m. What is the greatest common divisor of i and 15?
5
Let k(i) = -2*i**3 - 23*i**2 + 13*i + 13. Let m be k(-12). Let b be (-5 - -9) + (395/m - -1). Calculate the greatest common factor of 32 and b.
16
Let i be (-10)/(-6) + 25/(-15) + (1 - -54). Calculate the greatest common factor of i and 25.
5
Let h be ((-1924)/156)/(33/(-54) - 9/(-18)). Let c be 670/18 - (-4)/(-18). What is the highest common divisor of h and c?
37
Suppose 2*u + 69 = 4*v - 51, 8 = 4*u. Suppose d + 2*d - 1767 = 0. Calculate the highest common divisor of v and d.
31
Suppose -1637 = 6*n - 7787. Calculate the highest common factor of n and 123.
41
Let h = -7005 + 8409. Calculate the greatest common divisor of 324 and h.
108
Let v = 203273 - 203268. Let t(z) = z**3 + z**2 - 5*z. Let a be t(5). What is the highest common factor of v and a?
5
Suppose 19*o - 48947 = 17655 + 6434. What is the highest common divisor of 2 and o?
2
Let f = -9 - -12. Let w be (-1086)/(-3) + -12 - 11. What is the greatest common factor of w and f?
3
Let t(u) = u**3 + 4*u**2 - 2. Let j be t(-3). Suppose 375 + 164 = j*w. Let o = 83 - 61. What is the highest common divisor of o and w?
11
Let u be (175/2)/35*774/15. What is the highest common divisor of u and 1505?
43
Let z(c) = 3*c**2 + 66*c + 383. Let x be z(-16). What is the greatest common factor of x and 494?
19
Suppose 204 = 2*m - 0*m. Suppose o - 26*a = -27*a + 30, 5*a = -7*o + 218. Calculate the highest common divisor of m and o.
34
Suppose -18*g + 4817 + 2473 = 0. Calculate the greatest common divisor of g and 135.
135
Let l = 70 - 16. Let n be (-2 - -870) + (3 - -1). Let r be n/2 + (-72)/18. What is the greatest common factor of r and l?
54
Let h(y) = 9*y**2 + 2*y + 2. Let v be h(-5). Suppose v = 34*f - 89. Calculate the highest common divisor of 279 and f.
9
Suppose -11 + 1429 = 5*m + 3*w, 3*m = -5*w + 870. Calculate the highest common factor of m and 196.
28
Suppose 168*p + 20*p - 3760 = 0. What is the highest common divisor of p and 3616?
4
Suppose 367*z + 277*z = 158*z + 2959740. What is the greatest common divisor of z and 90?
30
Suppose -2*y + 205 = 75. Let o(w) = -w**2 - 12*w + 6. Suppose -5*i = 21 + 29. Let t be o(i). Calculate the highest common factor of y and t.
13
Suppose 3*j - 9 = 0, 2075 = d - 5*j - 6075. Calculate the greatest common factor of 115 and d.
115
Let r be 8*(-5)/30*(-2295)/18. Let g be -1 + 0 - (-11 + 0). Calculate the highest common divisor of r and g.
10
Let b(k) = -10*k + 146. Suppose -27 = -3*w + 2*a, -12*w + 2*a - 29 = -17*w. Let h be b(w). What is the greatest common factor of h and 190?
38
Suppose -1 = s, 3*y + 4*s - 93 - 347 = 0. What is the greatest common factor of y and 4403?
37
Suppose 7*v = -4*j + 11*v + 864, 4*j = 3*v + 860. Let x = j + -146. What is the highest common divisor of x and 462?
66
Let a(s) = s**3 - 23*s + 14. Let z be a(-5). Suppose z*o = 295 - 31. Suppose -2*t + 37 + 29 = 0. Calculate the highest common divisor of o and t.
33
Suppose 43*o = 7*o + 25920. Calculate the highest common divisor of o and 128.
16
Let n(y) = 63*y**3 - 12*y**2 + 2*y**2 - y - 62*y**3 - 20. Let u be n(11). Let h = u - 63. What is the highest common divisor of h and 18?
9
Let l(w) = 7*w - 5. Let u(x) = -15*x + 11. Let g = -46 - -40. Let f(v) = g*u(v) - 13*l(v). Let i be f(-5). Calculate the highest common factor of 12 and i.
4
Suppose f - u = -3*f - 9, -2*u + 4 = -f. Let z be ((-3)/(f + 5))/((-2)/36). Calculate the highest common factor of z and 414.
18
Suppose -4*n - 124 = -4*j, 157 = 3*j - 2*n + 67. Calculate the highest common factor of j and 2086.
14
Let z(w) = 2*w**2 - 87*w - 600. Let t be z(50). What is the highest common divisor of 13525 and t?
25
Let s be (-1404)/(-36)*(-4)/(-52). Suppose -4*b - 4*t + 156 = 0, 2*b - 27 = 4*t + 33. Calculate the highest common divisor of s and b.
3
Suppose -10 = -6*f + 26. Let y = 17 - 20. Let i be ((-5)/y)/(35/1638). Calculate the greatest common divisor of f and i.
6
Let i be (-6)/4*146300/(-399). Suppose 2*l - 65 = 5*z, 4*l - 4*z = 127 - 15. Calculate the highest common divisor of l and i.
25
Suppose 82*t - 85*t = -6. Suppose -t*i = i - 48. Calculate the greatest common divisor of i and 104.
8
Let c be ((-6)/(-15))/((-141)/(-70) - 2). Suppose -h - c + 56 = 0. Calculate the highest common divisor of h and 224.
28
Let i(g) = -6*g**3 - 2*g**2 + 95*g + 444. Let u be i(-8). Calculate the highest common divisor of u and 4.
4
Let r(q) = 3*q**2 - 2*q - 1. Let x be r(4). Let t be ((-4)/12)/((-2)/30). Let v be (-1 - t)*(-7 + (-25)/15). Calculate the highest common factor of v and x.
13
Let i = 1751 - -886. What is the greatest common factor of 3809 and i?
293
Let y be 11/((-44)/90)*4*4/(-10). Let s = -3 + 5. Suppose -1167 = -4*i - 5*z, i - 3*i + s*z = -570. What is the highest common factor of i and y?
36
Suppose -345 = -11*f + 733. Let q(t) = 14*t**2 + 5*t + 1. Let m be q(4). What is the greatest common divisor of m and f?
49
Let q(l) = l**